t common divisor of 30 and x?
6
Let a be 176/9 + 4*12/108. Calculate the highest common factor of a and 730.
10
Let k(l) = 5*l**2 - l - 1. Let i be k(-2). Let f = 1282 + -1254. What is the greatest common divisor of f and i?
7
Suppose -28*q + 8*q = -360. Suppose -2*c + 0*c + 36 = 0. Calculate the highest common divisor of q and c.
18
Let c be 4 + -2 + 16 - 5. What is the highest common factor of c and 143?
13
Let h = 7 - 5. Let o(n) = 2 + 0*n**h - n**2 + 9. Let m be o(0). Calculate the greatest common divisor of 77 and m.
11
Let p = 11 - 8. Let u(q) = -q**3 - 39*q**2 - 37*q + 55. Let h be u(-38). Let v = h + p. Calculate the greatest common factor of v and 10.
10
Let l = 102 - 25. Suppose -n + 23 = 16. Calculate the greatest common divisor of l and n.
7
Let h(w) = 3*w**2 - 13*w + 63. Let n be h(9). Calculate the highest common factor of 63 and n.
63
Let y(o) = -o + 4. Let x be y(5). Let r be (2 - 9/3) + x. Let q be -1*(-1 + (-116 - r)). What is the greatest common divisor of 23 and q?
23
Suppose l = 5*i - 179, 3*l - 145 = -4*i + 2*l. What is the greatest common factor of 9 and i?
9
Let q = 57 - 20. Calculate the greatest common factor of q and 333.
37
Let a be -14*(-1277)/24 + (-228)/(-2736). What is the greatest common factor of 5 and a?
5
Suppose 5*c - 354 = -3*r, -r = -10*c + 6*c + 290. Calculate the greatest common divisor of 48 and c.
24
Let j = 93 + -75. Let o be 6*((-1)/(-2) + (j - 15)). Let r(a) = a + 14. Let u be r(0). What is the greatest common divisor of o and u?
7
Suppose 4*i - 870 = -2*n, 5*i + 2*n - 617 - 473 = 0. Let t = -112 + i. What is the greatest common factor of 27 and t?
27
Suppose -x + 1159 = 5*i, 3 = 24*x - 27*x. Calculate the highest common factor of 29 and i.
29
Let w be (0 - -6*1)/2. Suppose 174 = w*c - p - 204, 3*p = -5*c + 630. What is the highest common divisor of c and 21?
21
Suppose 0 = d - 0 - 12. Let o = d + -6. Let z(g) = -g**3 - 13*g**2 + 13*g + 10. Let b be z(-14). Calculate the greatest common divisor of o and b.
6
Suppose 0 = -8*p + 4*p + 52. What is the highest common factor of p and 104?
13
Suppose -9*a + 89 = -271. Let r = a + 12. Calculate the greatest common divisor of r and 13.
13
Suppose 2*k - 14 = 2*n, 3 = -3*k - 3*n + 6. Suppose 7*m - 54 = k*m. Let w be 526/m - (-14)/(-63). What is the greatest common divisor of w and 319?
29
Let u(t) = -t + 2. Let q be u(-6). Let g = q - -12. Let v be ((-8)/(-10))/(18/225). What is the greatest common factor of g and v?
10
Let p = 2031 - 1128. What is the greatest common factor of 43 and p?
43
Suppose 0 = -4*k + k + 9. Suppose 14 = 2*d + k*h - 2, 3*h = 2*d - 4. Suppose -d*i + 125 = -10. What is the greatest common divisor of i and 3?
3
Suppose -4*d = -3*d - 13. Suppose 0*i = -5*i - 4*c + 360, -5*c = -5*i + 315. Let p be (-9)/6*2 + i. Calculate the greatest common factor of d and p.
13
Suppose 0*y - 48 = -3*y. Suppose 0 = 3*c - 46 + y. Let s be (-3)/1 + 11 + c. Calculate the greatest common divisor of 45 and s.
9
Suppose -5*a + 3 = -2*a. Let d be a + 2 + -1 - -10. Suppose 78*x - 3103 - 641 = 0. Calculate the highest common divisor of d and x.
12
Let y(a) = -2 - a - 4*a**2 + 0 + 5*a**2 + 4*a**2. Let o be y(-2). Calculate the greatest common divisor of 10 and o.
10
Suppose 0 = -3*o - 5*h + 115 + 3, -o + 30 = -3*h. Suppose -4*g + o = 12. What is the greatest common factor of g and 30?
6
Let h(f) = 7*f + 13. Suppose -8*y = -306 - 6. Let r = y - 34. Let o be h(r). Calculate the greatest common factor of 12 and o.
12
Let n = 1351 + -1263. Let p(q) = 3*q + 2. Let k be p(3). What is the highest common divisor of k and n?
11
Let t be 4 + 6 - (2 + 2). Let v(g) = 4*g**2 + 6*g + 2. Let d be v(-4). Suppose 2*y = 3*y - d. Calculate the greatest common divisor of y and t.
6
Let s be ((-16)/(-20))/(2/10). Let o(k) = k**3 - 9*k**2 - 9*k - 6. Let c be o(10). Calculate the greatest common factor of c and s.
4
Let k(v) = -6*v**3 + v**2 + 2*v - 2. Let p be k(2). Let m = -2 + -5. Let j be (-1020)/p - (-2)/m. What is the greatest common divisor of j and 12?
12
Suppose 0 = 4*o + 1 + 3. Let c be 2*o*(-28)/(-8). Let j be (-7 - -4) + c/(-1). What is the greatest common divisor of j and 20?
4
Suppose -95*n + 798 = -532. What is the greatest common divisor of n and 322?
14
Suppose w + 111 + 89 = r, 3*r - 2*w = 605. Calculate the highest common divisor of 123 and r.
41
Suppose -2*x = p - 8, 2*x = -0*x - 10. Suppose -b = -3*b, -u = -b - p. Calculate the greatest common factor of 9 and u.
9
Let x(j) = -2*j**3 - 13*j**2 + 28*j - 3. Let l be x(-12). What is the greatest common divisor of 15 and l?
15
Let c be 12/5*65/13. Calculate the greatest common divisor of 852 and c.
12
Let i(o) = -8*o + 27. Let n be i(17). Let x = -97 - n. What is the greatest common divisor of 6 and x?
6
Suppose 0 = 4*t + t + 5*x - 35, 0 = 3*t - 2*x - 31. Let u = -10 - -28. Calculate the highest common factor of t and u.
9
Let j be (135/2)/(132/352). What is the greatest common divisor of 72 and j?
36
Let a = -859 + 1004. Calculate the greatest common factor of 1 and a.
1
Let d(v) = 8*v + 2. Let l be d(-5). Let x = 26 - l. Calculate the greatest common divisor of 96 and x.
32
Suppose 0 = b - 1 - 6. Let k = b + -4. Suppose -y + u + 6 = 0, 4*y - y + 4*u + k = 0. What is the greatest common factor of y and 27?
3
Suppose v - 14 = -0. Calculate the greatest common divisor of v and 42.
14
Let o be 2 + (-6 - 3) + 2. Let a = 4 + o. Let w = 26 - a. Calculate the highest common factor of w and 27.
27
Suppose 0 = -t + 17 - 2. Suppose t = 5*j, j = -2*p - 3*p + 53. Let v = p + 2. What is the highest common divisor of v and 48?
12
Suppose -675 = 3*w - 8*w. Suppose f - u + w = 0, u = -5*f - 2*u - 675. Let d = 205 + f. Calculate the greatest common divisor of d and 14.
14
Suppose 2*a - 39 = 3*v, 4*a + 5*v = 5*a - 9. Let b = -5 + 9. Suppose -2*s - 9 = -2*h + 23, -16 = -h - b*s. What is the highest common divisor of a and h?
8
Let x(h) = h**3 - 14*h**2 + 21*h + 51. Let p be x(12). Calculate the highest common factor of 840 and p.
15
Let y be 13 + (-1410)/110 + (-4926)/(-11). Calculate the highest common factor of y and 128.
64
Let s(f) = -2*f**3 - 40*f**2 - 9*f - 168. Let j be s(-20). What is the highest common factor of 44 and j?
4
Suppose -1620 = -15*y - 15*y. Calculate the greatest common factor of y and 36.
18
Let t be (-6 - -7) + -2 + 352. Calculate the greatest common factor of t and 9.
9
Suppose -5*f = -3*d + 17, 3 = 5*d + f - 3*f. Let q = d - -12. Let z be (q/2)/((-9)/(-54)). What is the highest common factor of z and 132?
33
Suppose 15363 - 735 = 53*c. Calculate the greatest common factor of c and 12.
12
Let b be 9 - (2 + 4/4). Calculate the greatest common divisor of b and 24.
6
Let i be ((-25)/(-30))/((-2)/(-12)) - -150. Calculate the highest common divisor of i and 31.
31
Let d = -29 + 37. Suppose 4*w + d = -y + 42, -4*y - 5*w = -81. Calculate the highest common divisor of 2 and y.
2
Let f(w) = 8*w - 62. Let h be f(8). What is the highest common factor of h and 21?
1
Suppose p + 18 = w, 0 = -w + 5*p + 7 + 3. Let h be 64/(-6) - (6/(-9) - 0). Let k be 15/h*((-3)/3 - 79). What is the greatest common divisor of k and w?
20
Suppose -k + 4*d = -28, 5*k - 108 = 5*d - d. What is the greatest common divisor of 8 and k?
4
Let d = 2646 + -1398. What is the highest common factor of 78 and d?
78
Let y = -8 - -16. Let c(s) = s**2 - 13*s + 2. Suppose -10 = -2*g + 18. Let f be c(g). Calculate the highest common factor of f and y.
8
Let l(m) = m**3 - 6*m**2 - 8*m + 2. Let d be l(7). Let j(t) = 10*t - 5. Let z be j(d). Let n = z + 105. Calculate the greatest common divisor of n and 25.
25
Let o = 1296 - 1280. Let g = 20 - 4. Calculate the highest common factor of o and g.
16
Let g(k) = -k**3 - 7*k**2 + k + 4. Suppose -3*y = 36 - 15. Let v be g(y). Let o be 10/(-6)*v - 0. Calculate the highest common divisor of 30 and o.
5
Let u(v) = 3*v**2 - 3*v**3 - 46*v + 2*v**3 + 51*v. Let b be u(4). What is the highest common divisor of b and 8?
4
Let m = 217 - 115. What is the greatest common divisor of m and 170?
34
Let z = 1043 - 1004. Calculate the greatest common divisor of 39 and z.
39
Suppose -3*z + 0*z + 9 = 0. Let o be (z - 39)*2/(-8). What is the greatest common divisor of o and 27?
9
Suppose 797 = 2*f - 3*p, 5*f + 5*p + 532 - 2462 = 0. What i